{"id":3113,"date":"2022-02-11T14:13:14","date_gmt":"2022-02-11T12:13:14","guid":{"rendered":"https:\/\/caravel.gr\/termes\/"},"modified":"2025-07-20T10:16:50","modified_gmt":"2025-07-20T07:16:50","slug":"termes","status":"publish","type":"page","link":"https:\/\/caravel.gr\/fr\/termes\/","title":{"rendered":"termes"},"content":{"rendered":"\t\t<div data-elementor-type=\"wp-page\" data-elementor-id=\"3113\" class=\"elementor elementor-3113 elementor-2773\" data-elementor-post-type=\"page\">\n\t\t\t\t\t\t<section class=\"elementor-section elementor-top-section elementor-element elementor-element-1bebc5f9 elementor-section-full_width elementor-section-content-middle elementor-section-height-default elementor-section-height-default\" data-id=\"1bebc5f9\" data-element_type=\"section\" data-e-type=\"section\">\n\t\t\t\t\t\t<div class=\"elementor-container elementor-column-gap-no\">\n\t\t\t\t\t<div class=\"elementor-column elementor-col-100 elementor-top-column elementor-element elementor-element-4b47578b\" data-id=\"4b47578b\" data-element_type=\"column\" data-e-type=\"column\">\n\t\t\t<div class=\"elementor-widget-wrap elementor-element-populated\">\n\t\t\t\t\t\t<section class=\"elementor-section elementor-inner-section elementor-element elementor-element-7db09de1 elementor-section-content-top elementor-section-boxed elementor-section-height-default elementor-section-height-default\" data-id=\"7db09de1\" data-element_type=\"section\" data-e-type=\"section\">\n\t\t\t\t\t\t<div class=\"elementor-container elementor-column-gap-default\">\n\t\t\t\t\t<div class=\"elementor-column elementor-col-100 elementor-inner-column elementor-element elementor-element-7a697260\" data-id=\"7a697260\" data-element_type=\"column\" data-e-type=\"column\">\n\t\t\t<div class=\"elementor-widget-wrap elementor-element-populated\">\n\t\t\t\t\t\t<div class=\"elementor-element elementor-element-342e4720 premium-header-block premium-lq__none premium-box-lq__none elementor-widget elementor-widget-premium-addon-dual-header\" data-id=\"342e4720\" data-element_type=\"widget\" data-e-type=\"widget\" data-widget_type=\"premium-addon-dual-header.default\">\n\t\t\t\t\t\n\t\t<div class=\"elementor-widget-container\">\n\t\t\t\t\t<h2 class=\"premium-dual-header-first-header  gradient\"><span class=\"premium-dual-header-first-span\">Conditions g\u00e9n\u00e9rales <\/span><\/h2> \t\t\t\t<\/div>\n\n\t\t\t\t\t\t<\/div>\n\t\t\t\t<div class=\"elementor-element elementor-element-40cd2e67 elementor-widget elementor-widget-text-editor\" data-id=\"40cd2e67\" data-element_type=\"widget\" data-e-type=\"widget\" data-widget_type=\"text-editor.default\">\n\t\t\t\t<div class=\"elementor-widget-container\">\n\t\t\t\t\t\t\t\t\t<ul><li>\u00c2ge du locataire et du conducteur\u00a0: Doit \u00eatre \u00e2g\u00e9 d&rsquo;au moins 21\u00a0ans<\/li><li>Permis de conduire : Le conducteur doit \u00eatre en possession d&rsquo;un permis de conduire valide depuis au moins un an<\/li><li>Dur\u00e9e minimum de location : Une journ\u00e9e. Chaque heure suppl\u00e9mentaire sera factur\u00e9e 1\/5 du prix r\u00e9gulier de la journ\u00e9e<\/li><li>Modalit\u00e9s de paiement : Le co\u00fbt de location estim\u00e9 est pay\u00e9 \u00e0 l&rsquo;avance<\/li><li>Assurance au tiers ( <em><strong>incluse dans le prix<\/strong><\/em> ) : Les prix comprennent les garanties suivantes :<\/li><li>D\u00e9c\u00e8s et blessures corporelles de personnes qui ne sont pas passagers de la voiture CARAVEL<\/li><li>Dommages mat\u00e9riels \u00e0 des objets qui ne sont pas transport\u00e9s dans la voiture CARAVEL<\/li><li>Assurance compl\u00e8te -Collision Damage Waiver- ( <em><strong>incluse dans le prix<\/strong><\/em> ) R\u00e9duit la responsabilit\u00e9 du locataire pour les dommages sur la voiture s&rsquo;il accepte les termes pertinents en les signant.<\/li><li><span style=\"background-color: transparent; color: var( --e-global-color-text ); font-family: var( --e-global-typography-text-font-family ), Sans-serif; font-weight: var( --e-global-typography-text-font-weight );\">La condition pr\u00e9alable indispensable est de conduire selon le code de la route.<\/span><\/li><li>Assurance compl\u00e8te sp\u00e9ciale SCDW non incluse dans le prix. Suppl\u00e9ment 10\u20ac par jour pour les groupes A &#8211; D et 20\u20ac par jour pour les groupes E &#8211; R.<\/li><li><span style=\"background-color: transparent; color: var( --e-global-color-text ); font-family: var( --e-global-typography-text-font-family ), Sans-serif; font-weight: var( --e-global-typography-text-font-weight );\">Assurance individuelle accident ( <\/span><em style=\"background-color: transparent; color: var( --e-global-color-text ); font-family: var( --e-global-typography-text-font-family ), Sans-serif; font-weight: var( --e-global-typography-text-font-weight );\"><strong>incluse dans le prix<\/strong><\/em><span style=\"background-color: transparent; color: var( --e-global-color-text ); font-family: var( --e-global-typography-text-font-family ), Sans-serif; font-weight: var( --e-global-typography-text-font-weight );\"> ) : Le conducteur et les passagers sont couverts pour tout accident jusqu&rsquo;\u00e0 15000 \u20ac<\/span><\/li><li>Protection contre le vol ( <em><strong>incluse dans le prix<\/strong><\/em> )<\/li><li>Suppl\u00e9ment conducteur suppl\u00e9mentaire (non inclus dans le prix) : : Tarif journalier 2 \u20ac<\/li><li>TVA 24% ( <em><strong>incluse dans le prix<\/strong><\/em> )<\/li><li>Essence : Pay\u00e9 par le locataire<\/li><li>Livraison \/ Collecte : \u00c0 l&rsquo;int\u00e9rieur des limites de la ville d&rsquo;H\u00e9raklion, dans les a\u00e9roports et les ports pendant les heures de bureau gratuitement. Un pr\u00e9avis sera n\u00e9cessaire.<\/li><li>Exp\u00e9dition de voitures\u00a0: autoris\u00e9e uniquement sur autorisation \u00e9crite de la soci\u00e9t\u00e9<\/li><li><strong>Le Client ( sans aucun frais suppl\u00e9mentaire ) et la Soci\u00e9t\u00e9 ( CARAVEL SA ) ont le droit d&rsquo; annuler la r\u00e9servation \u00e0 tout moment .<\/strong><\/li><\/ul>\t\t\t\t\t\t\t\t<\/div>\n\t\t\t\t<\/div>\n\t\t\t\t\t<\/div>\n\t\t<\/div>\n\t\t\t\t\t<\/div>\n\t\t<\/section>\n\t\t\t\t\t<\/div>\n\t\t<\/div>\n\t\t\t\t\t<\/div>\n\t\t<\/section>\n\t\t\t\t<\/div>\n\t\t","protected":false},"excerpt":{"rendered":"<p>Conditions g\u00e9n\u00e9rales \u00c2ge du locataire et du conducteur\u00a0: Doit \u00eatre \u00e2g\u00e9 d&rsquo;au moins 21\u00a0ans Permis de conduire : Le conducteur doit \u00eatre en possession d&rsquo;un permis de conduire valide depuis au moins un an Dur\u00e9e minimum de location : Une journ\u00e9e. Chaque heure suppl\u00e9mentaire sera factur\u00e9e 1\/5 du prix r\u00e9gulier de la journ\u00e9e Modalit\u00e9s de [&hellip;]<\/p>\n","protected":false},"author":4,"featured_media":0,"parent":0,"menu_order":0,"comment_status":"closed","ping_status":"closed","template":"","meta":{"footnotes":""},"class_list":["post-3113","page","type-page","status-publish","hentry"],"yoast_head":"<!-- This site is optimized with the Yoast SEO Premium plugin v22.7 (Yoast SEO v27.4) - https:\/\/yoast.com\/product\/yoast-seo-premium-wordpress\/ -->\n<title>termes - Rent A Car Crete with Caravel<\/title>\n<meta name=\"robots\" content=\"index, follow, max-snippet:-1, max-image-preview:large, max-video-preview:-1\" \/>\n<link rel=\"canonical\" href=\"https:\/\/caravel.gr\/terms\/\" \/>\n<meta property=\"og:locale\" content=\"fr_FR\" \/>\n<meta property=\"og:type\" content=\"article\" \/>\n<meta property=\"og:title\" content=\"termes\" \/>\n<meta property=\"og:description\" content=\"Conditions g\u00e9n\u00e9rales \u00c2ge du locataire et du conducteur\u00a0: Doit \u00eatre \u00e2g\u00e9 d&rsquo;au moins 21\u00a0ans Permis de conduire : Le conducteur doit \u00eatre en possession d&rsquo;un permis de conduire valide depuis au moins un an Dur\u00e9e minimum de location : Une journ\u00e9e. Chaque heure suppl\u00e9mentaire sera factur\u00e9e 1\/5 du prix r\u00e9gulier de la journ\u00e9e Modalit\u00e9s de [&hellip;]\" \/>\n<meta property=\"og:url\" content=\"https:\/\/caravel.gr\/terms\/\" \/>\n<meta property=\"og:site_name\" content=\"Rent A Car Crete with Caravel\" \/>\n<meta property=\"article:modified_time\" content=\"2025-07-20T07:16:50+00:00\" \/>\n<meta name=\"twitter:card\" content=\"summary_large_image\" \/>\n<meta name=\"twitter:label1\" content=\"Dur\u00e9e de lecture estim\u00e9e\" \/>\n\t<meta name=\"twitter:data1\" content=\"2 minutes\" \/>\n<script type=\"application\/ld+json\" class=\"yoast-schema-graph\">{\"@context\":\"https:\\\/\\\/schema.org\",\"@graph\":[{\"@type\":\"WebPage\",\"@id\":\"https:\\\/\\\/caravel.gr\\\/terms\\\/\",\"url\":\"https:\\\/\\\/caravel.gr\\\/terms\\\/\",\"name\":\"termes - Rent A Car Crete with Caravel\",\"isPartOf\":{\"@id\":\"https:\\\/\\\/caravel.gr\\\/#website\"},\"datePublished\":\"2022-02-11T12:13:14+00:00\",\"dateModified\":\"2025-07-20T07:16:50+00:00\",\"breadcrumb\":{\"@id\":\"https:\\\/\\\/caravel.gr\\\/terms\\\/#breadcrumb\"},\"inLanguage\":\"fr-FR\",\"potentialAction\":[{\"@type\":\"ReadAction\",\"target\":[\"https:\\\/\\\/caravel.gr\\\/terms\\\/\"]}]},{\"@type\":\"BreadcrumbList\",\"@id\":\"https:\\\/\\\/caravel.gr\\\/terms\\\/#breadcrumb\",\"itemListElement\":[{\"@type\":\"ListItem\",\"position\":1,\"name\":\"Home\",\"item\":\"https:\\\/\\\/caravel.gr\\\/\"},{\"@type\":\"ListItem\",\"position\":2,\"name\":\"termes\"}]},{\"@type\":\"WebSite\",\"@id\":\"https:\\\/\\\/caravel.gr\\\/#website\",\"url\":\"https:\\\/\\\/caravel.gr\\\/\",\"name\":\"Rent A Car Crete with Caravel\",\"description\":\"Car Hire in Crete\",\"publisher\":{\"@id\":\"https:\\\/\\\/caravel.gr\\\/#organization\"},\"potentialAction\":[{\"@type\":\"SearchAction\",\"target\":{\"@type\":\"EntryPoint\",\"urlTemplate\":\"https:\\\/\\\/caravel.gr\\\/?s={search_term_string}\"},\"query-input\":{\"@type\":\"PropertyValueSpecification\",\"valueRequired\":true,\"valueName\":\"search_term_string\"}}],\"inLanguage\":\"fr-FR\"},{\"@type\":\"Organization\",\"@id\":\"https:\\\/\\\/caravel.gr\\\/#organization\",\"name\":\"Rent A Car Crete with Caravel\",\"url\":\"https:\\\/\\\/caravel.gr\\\/\",\"logo\":{\"@type\":\"ImageObject\",\"inLanguage\":\"fr-FR\",\"@id\":\"https:\\\/\\\/caravel.gr\\\/#\\\/schema\\\/logo\\\/image\\\/\",\"url\":\"https:\\\/\\\/caravel.gr\\\/wp-content\\\/uploads\\\/2022\\\/01\\\/caravel-logo_0_0.jpg\",\"contentUrl\":\"https:\\\/\\\/caravel.gr\\\/wp-content\\\/uploads\\\/2022\\\/01\\\/caravel-logo_0_0.jpg\",\"width\":210,\"height\":80,\"caption\":\"Rent A Car Crete with Caravel\"},\"image\":{\"@id\":\"https:\\\/\\\/caravel.gr\\\/#\\\/schema\\\/logo\\\/image\\\/\"}}]}<\/script>\n<!-- \/ Yoast SEO Premium plugin. -->","yoast_head_json":{"title":"termes - Rent A Car Crete with Caravel","robots":{"index":"index","follow":"follow","max-snippet":"max-snippet:-1","max-image-preview":"max-image-preview:large","max-video-preview":"max-video-preview:-1"},"canonical":"https:\/\/caravel.gr\/terms\/","og_locale":"fr_FR","og_type":"article","og_title":"termes","og_description":"Conditions g\u00e9n\u00e9rales \u00c2ge du locataire et du conducteur\u00a0: Doit \u00eatre \u00e2g\u00e9 d&rsquo;au moins 21\u00a0ans Permis de conduire : Le conducteur doit \u00eatre en possession d&rsquo;un permis de conduire valide depuis au moins un an Dur\u00e9e minimum de location : Une journ\u00e9e. Chaque heure suppl\u00e9mentaire sera factur\u00e9e 1\/5 du prix r\u00e9gulier de la journ\u00e9e Modalit\u00e9s de [&hellip;]","og_url":"https:\/\/caravel.gr\/terms\/","og_site_name":"Rent A Car Crete with Caravel","article_modified_time":"2025-07-20T07:16:50+00:00","twitter_card":"summary_large_image","twitter_misc":{"Dur\u00e9e de lecture estim\u00e9e":"2 minutes"},"schema":{"@context":"https:\/\/schema.org","@graph":[{"@type":"WebPage","@id":"https:\/\/caravel.gr\/terms\/","url":"https:\/\/caravel.gr\/terms\/","name":"termes - Rent A Car Crete with Caravel","isPartOf":{"@id":"https:\/\/caravel.gr\/#website"},"datePublished":"2022-02-11T12:13:14+00:00","dateModified":"2025-07-20T07:16:50+00:00","breadcrumb":{"@id":"https:\/\/caravel.gr\/terms\/#breadcrumb"},"inLanguage":"fr-FR","potentialAction":[{"@type":"ReadAction","target":["https:\/\/caravel.gr\/terms\/"]}]},{"@type":"BreadcrumbList","@id":"https:\/\/caravel.gr\/terms\/#breadcrumb","itemListElement":[{"@type":"ListItem","position":1,"name":"Home","item":"https:\/\/caravel.gr\/"},{"@type":"ListItem","position":2,"name":"termes"}]},{"@type":"WebSite","@id":"https:\/\/caravel.gr\/#website","url":"https:\/\/caravel.gr\/","name":"Rent A Car Crete with Caravel","description":"Car Hire in Crete","publisher":{"@id":"https:\/\/caravel.gr\/#organization"},"potentialAction":[{"@type":"SearchAction","target":{"@type":"EntryPoint","urlTemplate":"https:\/\/caravel.gr\/?s={search_term_string}"},"query-input":{"@type":"PropertyValueSpecification","valueRequired":true,"valueName":"search_term_string"}}],"inLanguage":"fr-FR"},{"@type":"Organization","@id":"https:\/\/caravel.gr\/#organization","name":"Rent A Car Crete with Caravel","url":"https:\/\/caravel.gr\/","logo":{"@type":"ImageObject","inLanguage":"fr-FR","@id":"https:\/\/caravel.gr\/#\/schema\/logo\/image\/","url":"https:\/\/caravel.gr\/wp-content\/uploads\/2022\/01\/caravel-logo_0_0.jpg","contentUrl":"https:\/\/caravel.gr\/wp-content\/uploads\/2022\/01\/caravel-logo_0_0.jpg","width":210,"height":80,"caption":"Rent A Car Crete with Caravel"},"image":{"@id":"https:\/\/caravel.gr\/#\/schema\/logo\/image\/"}}]}},"_links":{"self":[{"href":"https:\/\/caravel.gr\/fr\/wp-json\/wp\/v2\/pages\/3113","targetHints":{"allow":["GET"]}}],"collection":[{"href":"https:\/\/caravel.gr\/fr\/wp-json\/wp\/v2\/pages"}],"about":[{"href":"https:\/\/caravel.gr\/fr\/wp-json\/wp\/v2\/types\/page"}],"author":[{"embeddable":true,"href":"https:\/\/caravel.gr\/fr\/wp-json\/wp\/v2\/users\/4"}],"replies":[{"embeddable":true,"href":"https:\/\/caravel.gr\/fr\/wp-json\/wp\/v2\/comments?post=3113"}],"version-history":[{"count":43,"href":"https:\/\/caravel.gr\/fr\/wp-json\/wp\/v2\/pages\/3113\/revisions"}],"predecessor-version":[{"id":5067,"href":"https:\/\/caravel.gr\/fr\/wp-json\/wp\/v2\/pages\/3113\/revisions\/5067"}],"wp:attachment":[{"href":"https:\/\/caravel.gr\/fr\/wp-json\/wp\/v2\/media?parent=3113"}],"curies":[{"name":"wp","href":"https:\/\/api.w.org\/{rel}","templated":true}]}}

<div data-elementor-type="wp-page" data-elementor-id="3113" class="elementor elementor-3113 elementor-2773" data-elementor-post-type="page">
						<section class="elementor-section elementor-top-section elementor-element elementor-element-1bebc5f9 elementor-section-full_width elementor-section-content-middle elementor-section-height-default elementor-section-height-default" data-id="1bebc5f9" data-element_type="section" data-e-type="section">
						<div class="elementor-container elementor-column-gap-no">
					<div class="elementor-column elementor-col-100 elementor-top-column elementor-element elementor-element-4b47578b" data-id="4b47578b" data-element_type="column" data-e-type="column">
			<div class="elementor-widget-wrap elementor-element-populated">
						<section class="elementor-section elementor-inner-section elementor-element elementor-element-7db09de1 elementor-section-content-top elementor-section-boxed elementor-section-height-default elementor-section-height-default" data-id="7db09de1" data-element_type="section" data-e-type="section">
						<div class="elementor-container elementor-column-gap-default">
					<div class="elementor-column elementor-col-100 elementor-inner-column elementor-element elementor-element-7a697260" data-id="7a697260" data-element_type="column" data-e-type="column">
			<div class="elementor-widget-wrap elementor-element-populated">
						<div class="elementor-element elementor-element-342e4720 premium-header-block premium-lq__none premium-box-lq__none elementor-widget elementor-widget-premium-addon-dual-header" data-id="342e4720" data-element_type="widget" data-e-type="widget" data-widget_type="premium-addon-dual-header.default">
					
		<div class="elementor-widget-container">
					<h2 class="premium-dual-header-first-header  gradient"><span class="premium-dual-header-first-span">Conditions générales </span></h2> 				</div>

						</div>
				<div class="elementor-element elementor-element-40cd2e67 elementor-widget elementor-widget-text-editor" data-id="40cd2e67" data-element_type="widget" data-e-type="widget" data-widget_type="text-editor.default">
				<div class="elementor-widget-container">
									<ul><li>Âge du locataire et du conducteur : Doit être âgé d&rsquo;au moins 21 ans</li><li>Permis de conduire : Le conducteur doit être en possession d&rsquo;un permis de conduire valide depuis au moins un an</li><li>Durée minimum de location : Une journée. Chaque heure supplémentaire sera facturée 1/5 du prix régulier de la journée</li><li>Modalités de paiement : Le coût de location estimé est payé à l&rsquo;avance</li><li>Assurance au tiers ( <em><strong>incluse dans le prix</strong></em> ) : Les prix comprennent les garanties suivantes :</li><li>Décès et blessures corporelles de personnes qui ne sont pas passagers de la voiture CARAVEL</li><li>Dommages matériels à des objets qui ne sont pas transportés dans la voiture CARAVEL</li><li>Assurance complète -Collision Damage Waiver- ( <em><strong>incluse dans le prix</strong></em> ) Réduit la responsabilité du locataire pour les dommages sur la voiture s&rsquo;il accepte les termes pertinents en les signant.</li><li><span style="background-color: transparent; color: var( --e-global-color-text ); font-family: var( --e-global-typography-text-font-family ), Sans-serif; font-weight: var( --e-global-typography-text-font-weight );">La condition préalable indispensable est de conduire selon le code de la route.</span></li><li>Assurance complète spéciale SCDW non incluse dans le prix. Supplément 10€ par jour pour les groupes A &#8211; D et 20€ par jour pour les groupes E &#8211; R.</li><li><span style="background-color: transparent; color: var( --e-global-color-text ); font-family: var( --e-global-typography-text-font-family ), Sans-serif; font-weight: var( --e-global-typography-text-font-weight );">Assurance individuelle accident ( </span><em style="background-color: transparent; color: var( --e-global-color-text ); font-family: var( --e-global-typography-text-font-family ), Sans-serif; font-weight: var( --e-global-typography-text-font-weight );"><strong>incluse dans le prix</strong></em><span style="background-color: transparent; color: var( --e-global-color-text ); font-family: var( --e-global-typography-text-font-family ), Sans-serif; font-weight: var( --e-global-typography-text-font-weight );"> ) : Le conducteur et les passagers sont couverts pour tout accident jusqu&rsquo;à 15000 €</span></li><li>Protection contre le vol ( <em><strong>incluse dans le prix</strong></em> )</li><li>Supplément conducteur supplémentaire (non inclus dans le prix) : : Tarif journalier 2 €</li><li>TVA 24% ( <em><strong>incluse dans le prix</strong></em> )</li><li>Essence : Payé par le locataire</li><li>Livraison / Collecte : À l&rsquo;intérieur des limites de la ville d&rsquo;Héraklion, dans les aéroports et les ports pendant les heures de bureau gratuitement. Un préavis sera nécessaire.</li><li>Expédition de voitures : autorisée uniquement sur autorisation écrite de la société</li><li><strong>Le Client ( sans aucun frais supplémentaire ) et la Société ( CARAVEL SA ) ont le droit d&rsquo; annuler la réservation à tout moment .</strong></li></ul>								</div>
				</div>
					</div>
		</div>
					</div>
		</section>
					</div>
		</div>
					</div>
		</section>
				</div>

<p>Conditions générales Âge du locataire et du conducteur : Doit être âgé d&rsquo;au moins 21 ans Permis de conduire : Le conducteur doit être en possession d&rsquo;un permis de conduire valide depuis au moins un an Durée minimum de location : Une journée. Chaque heure supplémentaire sera facturée 1/5 du prix régulier de la journée Modalités de [&hellip;]</p>

<!-- This site is optimized with the Yoast SEO Premium plugin v22.7 (Yoast SEO v27.4) - https://yoast.com/product/yoast-seo-premium-wordpress/ -->
<title>termes - Rent A Car Crete with Caravel</title>
<meta name="robots" content="index, follow, max-snippet:-1, max-image-preview:large, max-video-preview:-1" />
<link rel="canonical" href="https://caravel.gr/terms/" />
<meta property="og:locale" content="fr_FR" />
<meta property="og:type" content="article" />
<meta property="og:title" content="termes" />
<meta property="og:description" content="Conditions générales Âge du locataire et du conducteur : Doit être âgé d&rsquo;au moins 21 ans Permis de conduire : Le conducteur doit être en possession d&rsquo;un permis de conduire valide depuis au moins un an Durée minimum de location : Une journée. Chaque heure supplémentaire sera facturée 1/5 du prix régulier de la journée Modalités de [&hellip;]" />
<meta property="og:url" content="https://caravel.gr/terms/" />
<meta property="og:site_name" content="Rent A Car Crete with Caravel" />
<meta property="article:modified_time" content="2025-07-20T07:16:50+00:00" />
<meta name="twitter:card" content="summary_large_image" />
<meta name="twitter:label1" content="Durée de lecture estimée" />
	<meta name="twitter:data1" content="2 minutes" />
<script type="application/ld+json" class="yoast-schema-graph">{"@context":"https:\/\/schema.org","@graph":[{"@type":"WebPage","@id":"https:\/\/caravel.gr\/terms\/","url":"https:\/\/caravel.gr\/terms\/","name":"termes - Rent A Car Crete with Caravel","isPartOf":{"@id":"https:\/\/caravel.gr\/#website"},"datePublished":"2022-02-11T12:13:14+00:00","dateModified":"2025-07-20T07:16:50+00:00","breadcrumb":{"@id":"https:\/\/caravel.gr\/terms\/#breadcrumb"},"inLanguage":"fr-FR","potentialAction":[{"@type":"ReadAction","target":["https:\/\/caravel.gr\/terms\/"]}]},{"@type":"BreadcrumbList","@id":"https:\/\/caravel.gr\/terms\/#breadcrumb","itemListElement":[{"@type":"ListItem","position":1,"name":"Home","item":"https:\/\/caravel.gr\/"},{"@type":"ListItem","position":2,"name":"termes"}]},{"@type":"WebSite","@id":"https:\/\/caravel.gr\/#website","url":"https:\/\/caravel.gr\/","name":"Rent A Car Crete with Caravel","description":"Car Hire in Crete","publisher":{"@id":"https:\/\/caravel.gr\/#organization"},"potentialAction":[{"@type":"SearchAction","target":{"@type":"EntryPoint","urlTemplate":"https:\/\/caravel.gr\/?s={search_term_string}"},"query-input":{"@type":"PropertyValueSpecification","valueRequired":true,"valueName":"search_term_string"}}],"inLanguage":"fr-FR"},{"@type":"Organization","@id":"https:\/\/caravel.gr\/#organization","name":"Rent A Car Crete with Caravel","url":"https:\/\/caravel.gr\/","logo":{"@type":"ImageObject","inLanguage":"fr-FR","@id":"https:\/\/caravel.gr\/#\/schema\/logo\/image\/","url":"https:\/\/caravel.gr\/wp-content\/uploads\/2022\/01\/caravel-logo_0_0.jpg","contentUrl":"https:\/\/caravel.gr\/wp-content\/uploads\/2022\/01\/caravel-logo_0_0.jpg","width":210,"height":80,"caption":"Rent A Car Crete with Caravel"},"image":{"@id":"https:\/\/caravel.gr\/#\/schema\/logo\/image\/"}}]}</script>
<!-- / Yoast SEO Premium plugin. -->

Conditions générales Âge du locataire et du conducteur : Doit être âgé d&rsquo;au moins 21 ans Permis de conduire : Le conducteur doit être en possession d&rsquo;un permis de conduire valide depuis au moins un an Durée minimum de location : Une journée. Chaque heure supplémentaire sera facturée 1/5 du prix régulier de la journée Modalités de [&hellip;]
